{"id":7,"date":"2021-01-09T01:37:13","date_gmt":"2021-01-09T04:37:13","guid":{"rendered":"https:\/\/www.gruporiogrande.net.br\/site\/?page_id=7"},"modified":"2024-07-02T21:46:59","modified_gmt":"2024-07-03T00:46:59","slug":"inicio","status":"publish","type":"page","link":"https:\/\/www.gruporiogrande.net.br\/site\/","title":{"rendered":"In\u00edcio"},"content":{"rendered":"<div style=\"display: none;\">\n<p>seguran\u00e7a n\u00e3o-me-toque, passo fundo valet n\u00e3o-me-toque, passo fundo, pe\u00e7a em n\u00e3o-me-toque, passo fundo, limpeza, n\u00e3o-me-toque, passo fundo RS, limpeza e limpeza industrial n\u00e3o-me-toque, passo fundo<\/p>\n<h1>limpeza em n\u00e3o-me-toque, passo fundo,\u00a0pe\u00e7a n\u00e3o-me-toque, passo fundo, valet n\u00e3o-me-toque, passo fundo,<\/h1>\n<h2>limpeza em n\u00e3o-me-toque, passo fundo, seguran\u00e7a n\u00e3o-me-toque, passo fundo e regi\u00e3o, valet n\u00e3o-me-toque, passo fundo em n\u00e3o-me-toque, passo fundo, limpeza venda equipamentos limpeza industrial n\u00e3o-me-toque, passo fundo, seguran\u00e7a em n\u00e3o-me-toque, passo fundo rs, limpeza, para n\u00e3o-me-toque, passo fundo e regi\u00e3o, limpeza para n\u00e3o-me-toque, passo fundo e regi\u00e3o\u00a0limpeza industrial limpeza industrial n\u00e3o-me-toque, passo fundo de limpeza em n\u00e3o-me-toque, passo fundo, seguran\u00e7a n\u00e3o-me-toque, passo fundo e regi\u00e3o, valet n\u00e3o-me-toque, passo fundo em n\u00e3o-me-toque, passo fundo, limpeza venda equipamentos limpeza industrial n\u00e3o-me-toque, passo fundo, seguran\u00e7a em n\u00e3o-me-toque, passo fundo rs, limpeza,<a title=\"limpeza industrial limpeza industrial n\u00e3o-me-toque, passo fundo de limpeza em n\u00e3o-me-toque, passo fundo, seguran\u00e7a n\u00e3o-me-toque, passo fundo e regi\u00e3o, valet n\u00e3o-me-toque, passo fundo em n\u00e3o-me-toque, passo fundo, limpeza venda equipamentos limpeza industrial n\u00e3o-me-toque, passo fundo, seguran\u00e7a em n\u00e3o-me-toque, passo fundo rs, limpeza, para n\u00e3o-me-toque, passo fundo e regi\u00e3o, limpeza para n\u00e3o-me-toque, passo fundo e regi\u00e3o\" href=\"https:\/\/www.gruporiogrande.net.br\">para n\u00e3o-me-toque, passo fundo e regi\u00e3o, limpeza para n\u00e3o-me-toque, passo fundo e regi\u00e3o\u00a0limpeza industrial limpeza industrial n\u00e3o-me-toque, passo fundo de limpeza em n\u00e3o-me-toque, passo fundo, seguran\u00e7a n\u00e3o-me-toque, passo fundo e regi\u00e3o, valet n\u00e3o-me-toque, passo fundo em n\u00e3o-me-toque, passo fundo, limpeza venda equipamentos limpeza industrial n\u00e3o-me-toque, passo fundo, seguran\u00e7a em n\u00e3o-me-toque, passo fundo rs, limpeza<\/a>, para n\u00e3o-me-toque, passo fundo e regi\u00e3o, limpeza para n\u00e3o-me-toque, passo fundo e regi\u00e3o\u00a0limpeza industrial limpeza industrial n\u00e3o-me-toque, passo fundo de limpeza em n\u00e3o-me-toque, passo fundo, seguran\u00e7a n\u00e3o-me-toque, passo fundo e regi\u00e3o, valet n\u00e3o-me-toque, passo fundo em n\u00e3o-me-toque, passo fundo, limpeza venda equipamentos limpeza industrial n\u00e3o-me-toque, passo fundo, seguran\u00e7a em n\u00e3o-me-toque, passo fundo rs, limpeza, para n\u00e3o-me-toque, passo fundo e regi\u00e3o, limpeza para n\u00e3o-me-toque, passo fundo e regi\u00e3o\u00a0limpeza industrial limpeza industrial n\u00e3o-me-toque, passo fundo de limpeza em n\u00e3o-me-toque, passo fundo, seguran\u00e7a n\u00e3o-me-toque, passo fundo e regi\u00e3o, valet n\u00e3o-me-toque, passo fundo em n\u00e3o-me-toque, passo fundo, limpeza venda equipamentos limpeza industrial n\u00e3o-me-toque, passo fundo, seguran\u00e7a em n\u00e3o-me-toque, passo fundo rs, limpeza, para n\u00e3o-me-toque, passo fundo e regi\u00e3o,<a title=\"limpeza industrial limpeza industrial n\u00e3o-me-toque, passo fundo de limpeza em n\u00e3o-me-toque, passo fundo, seguran\u00e7a n\u00e3o-me-toque, passo fundo e regi\u00e3o, valet n\u00e3o-me-toque, passo fundo em n\u00e3o-me-toque, passo fundo, limpeza venda equipamentos limpeza industrial n\u00e3o-me-toque, passo fundo, seguran\u00e7a em n\u00e3o-me-toque, passo fundo rs, limpeza, para n\u00e3o-me-toque, passo fundo e regi\u00e3o, limpeza para n\u00e3o-me-toque, passo fundo e regi\u00e3o\" href=\"https:\/\/www.gruporiogrande.net.br\/site\">limpeza para n\u00e3o-me-toque, passo fundo e regi\u00e3o\u00a0limpeza industrial limpeza industrial n\u00e3o-me-toque, passo fundo de limpeza em n\u00e3o-me-toque, passo fundo, seguran\u00e7a n\u00e3o-me-toque, passo fundo e regi\u00e3o, cria\u00e7\u00e3o de sit<\/a>es em n\u00e3o-me-toque, passo fundo, limpeza venda equipamentos limpeza industrial n\u00e3o-me-toque, passo fundo, seguran\u00e7a em n\u00e3o-me-toque, passo fundo rs, limpeza, para n\u00e3o-me-toque, passo fundo e regi\u00e3o, limpeza para n\u00e3o-me-toque, passo fundo e regi\u00e3o<\/h2>\n<div id=\"attachment_747\" style=\"width: 353px\" class=\"wp-caption aligncenter\"><a href=\"https:\/\/www.gruporiogrande.net.br\/site\/wp-content\/uploads\/2013\/06\/per\u00edcia-m\u00e9dica-passo-fundo-rs.jpg\"><img decoding=\"async\" aria-describedby=\"caption-attachment-747\" class=\"size-full wp-image-747 \" title=\"limpeza industrial limpeza industrial n\u00e3o-me-toque, passo fundo de limpeza em n\u00e3o-me-toque, passo fundo\" src=\"https:\/\/www.gruporiogrande.net.br\/site\/wp-content\/uploads\/2013\/06\/per\u00edcia-m\u00e9dica-passo-fundo-rs.jpg\" alt=\"limpeza industrial limpeza industrial n\u00e3o-me-toque, passo fundo de limpeza em n\u00e3o-me-toque, passo fundo\" width=\"343\" height=\"300\"  loading=\"lazy\" \/><\/a><p id=\"caption-attachment-747\" class=\"wp-caption-text\">limpeza industrial limpeza industrial n\u00e3o-me-toque, passo fundo de limpeza em n\u00e3o-me-toque, passo fundo<\/p><\/div>\n<\/div>\n","protected":false},"excerpt":{"rendered":"<p>seguran\u00e7a n\u00e3o-me-toque, passo fundo valet n\u00e3o-me-toque, passo fundo, pe\u00e7a em n\u00e3o-me-toque, passo fundo, limpeza, n\u00e3o-me-toque, [&hellip;]<\/p>\n","protected":false},"author":1,"featured_media":0,"parent":0,"menu_order":0,"comment_status":"closed","ping_status":"closed","template":"template-inicio.php","meta":{"footnotes":""},"class_list":["post-7","page","type-page","status-publish","hentry"],"_links":{"self":[{"href":"https:\/\/www.gruporiogrande.net.br\/site\/wp-json\/wp\/v2\/pages\/7"}],"collection":[{"href":"https:\/\/www.gruporiogrande.net.br\/site\/wp-json\/wp\/v2\/pages"}],"about":[{"href":"https:\/\/www.gruporiogrande.net.br\/site\/wp-json\/wp\/v2\/types\/page"}],"author":[{"embeddable":true,"href":"https:\/\/www.gruporiogrande.net.br\/site\/wp-json\/wp\/v2\/users\/1"}],"replies":[{"embeddable":true,"href":"https:\/\/www.gruporiogrande.net.br\/site\/wp-json\/wp\/v2\/comments?post=7"}],"version-history":[{"count":3,"href":"https:\/\/www.gruporiogrande.net.br\/site\/wp-json\/wp\/v2\/pages\/7\/revisions"}],"predecessor-version":[{"id":44,"href":"https:\/\/www.gruporiogrande.net.br\/site\/wp-json\/wp\/v2\/pages\/7\/revisions\/44"}],"wp:attachment":[{"href":"https:\/\/www.gruporiogrande.net.br\/site\/wp-json\/wp\/v2\/media?parent=7"}],"curies":[{"name":"wp","href":"https:\/\/api.w.org\/{rel}","templated":true}]}}